ate r(n).
-1
Let i(z) = z**2 + z - 1. Let q(u) = -u**3 - 4*u**2 + 2*u + 6. Let p(w) = 2*i(w) - q(w). Calculate p(-6).
-8
Let y(i) = -5*i + 3. Suppose -28 - 4 = -2*d. Let h = d + -14. Suppose -h*t = 2*z + 4, -3 = 4*t + 3*z + 1. Determine y(t).
-7
Let o(y) = y - 100 + 33 + 16 + 24. Calculate o(11).
-16
Let p(t) = 3*t + 6 + 4*t**2 + 6*t - 5*t**2. Calculate p(9).
6
Let k(f) be the second derivative of f**3/3 + 5*f**2 + 217*f. What is k(-5)?
0
Let v(l) = -3*l**2 + 8*l - 1. Let d(u) = -16*u**2 + 41*u - 4. Let o(j) = 2*d(j) - 11*v(j). Give o(4).
-5
Let l(z) be the first derivative of 13*z**4/4 - z**3/3 + z**2/2 + z - 121. Let h be ((-8)/(-24))/((-2)/6). What is l(h)?
-14
Let j = -1524 + 1530. Let o(b) be the first derivative of -b**2/2 - b + 2. Calculate o(j).
-7
Let r(j) be the second derivative of j**5/20 + j**4/3 + j**3/6 - 122*j. What is r(-5)?
-30
Let y(g) = 15*g**2 - 122*g + 7. Let v be y(8). Let t(b) = -b**2 - 12*b - 9. Determine t(v).
18
Let y(g) = 5*g. Let a be y(1). Let s(k) = -k - 3*k + a*k - 8 + 5. Let v = -11 - -11. Give s(v).
-3
Let r(s) = s + 2. Let v = 39 + -37. Suppose 2*d = -v*d + 10*d. Calculate r(d).
2
Let s(k) = 4*k**3 + k**2 + 2*k. Suppose -23 = -4*y + 28*h - 25*h, 0 = 3*y - h - 11. Determine s(y).
40
Let x(r) be the second derivative of -4*r + 1/3*r**3 - 1/20*r**5 + 0 + 3/2*r**2 + 5/12*r**4. Suppose -22 = -5*k + 3*m + 6, 0 = -4*k + 3*m + 23. What is x(k)?
13
Let o(z) = z**3 - 4*z**2 + 3*z - 3. Let w be (-1)/3*(-38 - -32). Calculate o(w).
-5
Suppose 0 = -235*y + 253*y + 54. Let b(f) = f**2 + 4*f - 1. Determine b(y).
-4
Let m be ((-3)/4)/((-5)/(4*-5)). Let s(v) = -v**2 - 4*v. What is s(m)?
3
Let u(q) = -2*q - 5. Let m(i) = 4. Let f = 20 - 17. Let d(c) = f*u(c) + 4*m(c). Give d(-3).
19
Let w be (-36)/21 + (-2)/7. Let l be (18/8 + w)*20. Let c(h) = h**3 + h**2 - 7*h**2 - 3 + 5*h + 0. What is c(l)?
-3
Let d(t) = t**3 + 4*t**2 + t - 1. Let h = -3 - -8. Suppose i + 2*r = -3*i - 6, 0 = -2*i + h*r - 21. Determine d(i).
5
Let o(l) = -l + 5. Let r(u) = -3*u + 11. Let i(w) = 6*o(w) - 3*r(w). Calculate i(4).
9
Let q(v) = 30*v - 6 - v**2 - 15*v - 10*v - 7*v. What is q(-4)?
-14
Let d be 1/(2 + 68/(-36)). Suppose -5 - 7 = -3*m. Let p(v) = -v**2 + 5 + 3 + m*v - d. Determine p(5).
-6
Let o(k) = 9*k**2 + 5*k + 4. Let w(q) = 11*q**2 + 6*q + 4. Let m(r) = 6*o(r) - 5*w(r). Let p(x) = x - 12. Let g be p(9). Determine m(g).
-5
Let h(y) = 8*y. Let s(k) = 3*k + 12. Let x be s(3). Let z be 6*8/(-36) + x/9. Determine h(z).
8
Let p(z) = -13*z**2 + 134*z - 38. Let d be p(10). Let w(b) = -5*b + 1 + 3*b + 1 - 2*b**2. What is w(d)?
-10
Let g(i) = -8*i + 9. Let t(v) = 5*v - 5. Let a(p) = -3*g(p) - 5*t(p). Let m(r) = r**2 + 8*r + 7. Let w be m(-6). What is a(w)?
3
Let a(x) = x**3 - 4*x + x - 2 + x**2 + 1. Suppose -9*j + 0*j + 9 = 0. Suppose -4*c - 5 - j = -2*b, 0 = 3*c + 3*b + 9. Calculate a(c).
1
Suppose 4 + 8 = 3*y. Let m(d) = d + 1. Let x be m(y). Let c(v) be the first derivative of -v**3/3 + 3*v**2/2 + 4*v - 2. Calculate c(x).
-6
Let i be 2/10 + 18/(-15). Let d(k) be the second derivative of -7*k**5/20 + k**3/6 - 2*k + 32. What is d(i)?
6
Let z(q) = -q**3 - 5*q**2 + 5. Let i(f) = -f - 41. Let d be i(-37). Determine z(d).
-11
Let k = -37 - -42. Suppose 0 = -v + 2*v - k. Let o(y) = y**3 - 4*y**2 - 6*y. What is o(v)?
-5
Let o(d) = -6*d**2 - d + 1. Let y be 336/108 - 2/18. Suppose 0 = -2*l - 0*l + 18. Suppose y*w + 2*a = 2*w + 5, -4*a + l = w. Calculate o(w).
-6
Let c be (8 + 290/(-30))/((-2)/(-6)). Let n(r) = -r**2 - 5*r + 1. Give n(c).
1
Let d(a) = -a**2 + 5*a + 5. Let y be d(4). Let u(g) = -4*g**2 - y*g**2 - 1 - 5*g + 12*g**2. Determine u(-5).
-1
Let m(x) = -x**3 + x**2 + 6*x - 1. Suppose 17 = 3*z - 7. Suppose h = -h + z. What is m(h)?
-25
Let j(d) be the first derivative of d**4/4 - 2*d**3 + 5*d**2/2 + 7*d + 530. Let c be (-20)/(-2)*(-2)/(-4). What is j(c)?
7
Let v(o) = -5*o + 5. Suppose -104*c = -99*c + 15. Give v(c).
20
Let j be ((-6)/(-10))/(19/95). Let y(n) = -1 + 6*n - 2*n + n**2 - j*n - 5. What is y(0)?
-6
Suppose 0 = 2*m + 2*j - 14, 61*j - 59*j = -4. Let g(b) = 2*b**2 - 15*b - 21. Determine g(m).
6
Let r(v) = 1. Let c(g) = -g - 26. Let n(a) = c(a) + 5*r(a). Give n(-9).
-12
Let z(l) be the third derivative of 0*l**3 + 1/12*l**5 - 1/4*l**4 - 6*l**2 + 0*l + 0 + 1/120*l**6. Suppose 2*i - 3*i - 6 = 0. Calculate z(i).
0
Suppose 0 = -3*n - 5*x - 0*x + 53, -4 = -x. Let c(m) be the first derivative of 43*m - 3*m**2 + 4*m**4 + 3*m**2 + n - 44*m. Calculate c(-1).
-17
Let d(w) = w**2 + w - 6. Let s be d(3). Let o(q) = -9*q**2 + 2*q**2 + 4*q**2 - 6*q + 4*q**2 - s. Let x be ((-4)/10)/(1/(-15)). Give o(x).
-6
Let b(v) = 2*v - 3. Let l be 136/(-6) - 10/(-15). Let s = 38 + l. Suppose 0 = -7*n - 2 + s. What is b(n)?
1
Suppose 3*c - 55 = -2*s - 7, 5*s + 32 = 2*c. Let h(i) = i. Calculate h(c).
16
Let t(v) be the first derivative of -v**5/60 + 3*v**4/8 - 2*v**3/3 - 11*v**2/2 + 4. Let y(b) be the second derivative of t(b). Determine y(6).
14
Let i(h) = -7*h**3 - 5*h**2 + 5*h + 12. Let d(k) = -2*k**3 + 2. Let b(o) = 4*d(o) - i(o). Determine b(5).
-29
Let w(u) = -2*u - 4. Let o(d) = -17 + 24*d**2 + 16*d**2 - 58*d**2 + 5*d + 19*d**2. Let m be o(-7). Calculate w(m).
2
Let l(w) be the second derivative of -w**5/60 + w**3/6 + 2*w**2 + 9*w. Let x(c) be the first derivative of l(c). Give x(4).
-15
Let j(b) = -3*b + 6. Let q = 125 + -119. Suppose 28*c - 88 = q*c. Calculate j(c).
-6
Let r(m) = m**3 + 7*m**2 - 10*m + 3. Let d be r(-8). Suppose 0*c - 3*x = -c + d, 0 = 3*c + 4*x + 8. Let i(v) = -c - v**2 - 3*v + 2*v**2 + 7. What is i(4)?
7
Let z(w) = w**2 - 7*w + 5. Let k(h) = 3*h + 82. Let c be k(-25). What is z(c)?
5
Let t(h) = h**3 + 12*h**2 + 8*h + 15. Let q(b) = b**2 + b + 2. Let f(n) = -6*q(n) + t(n). Give f(-6).
-9
Suppose -4*b + 2*r = -22, 5*r + 10 = b - 0*b. Let j(t) = -b*t**2 + 2 - t**3 + 2*t**3 + 33*t - 35*t. Give j(6).
26
Let j(c) = -5*c - 6. Let o be j(-2). Let h(p) be the second derivative of p**3/6 - 5*p**2/2 + p. What is h(o)?
-1
Let s = -3 + 5. Let c(r) = -6 - 6*r**s + 5 + r**2. What is c(-1)?
-6
Let u(z) = 2*z - 24. Let n(j) = -1. Let r(v) = -4*n(v) + u(v). Let l be r(12). Let m(s) = s**3 - 4*s**2 + 2*s - 3. Calculate m(l).
5
Let y(q) = -7*q**3 + q**2 + q. Suppose -13 = -3*t - 3*a + 2, 0 = -2*t + 2*a - 6. Calculate y(t).
-5
Let a(i) be the first derivative of -4*i**2 + 9*i - 152. Calculate a(4).
-23
Let y(z) = -14*z + 2*z + 9*z - 1. Suppose -3*t - 9 = -3*n, 0 = -5*t - 4*n + 5*n - 7. Calculate y(t).
2
Let o be 4/(-6) - 70/21. Let w be (3/(-12))/((-1)/o). Let z(s) = 6*s**3 + 2*s**2 + 2*s + 1. Give z(w).
-5
Let g(j) = -1. Suppose 3*k - 7*k - 4*n = -8, -10 = -5*k + 3*n. Suppose -3 = z + k*z. Let p(f) = -f**2 + 2*f - 8. Let x(a) = z*p(a) + 5*g(a). Determine x(3).
6
Let s(k) = k + 36. Let q(g) = -6*g - 194. Let v(b) = 2*q(b) + 11*s(b). Calculate v(5).
3
Suppose 5*m = 32 - 7. Let z(f) = 2 + 4 + m*f - 3*f + 0. Calculate z(-8).
-10
Let r(j) = -3*j + 52. Let l(k) = k**2 - 14*k - 127. Let i be l(21). Calculate r(i).
-8
Let b = -1 + 3. Let n(y) be the third derivative of y**4/24 + y**3/6 - 2*y**2 - 13. Determine n(b).
3
Let c(n) = 9*n**3 - 24*n**2 + 20*n + 15. Let y(z) = 2*z**3 - 4*z**2 + 4*z + 3. Let j(w) = -2*c(w) + 11*y(w). Calculate j(-2).
-21
Let v(j) = -4*j**2 + 12025*j - 12021*j + 6 + 3*j**2. What is v(6)?
-6
Let g(q) = 3*q - 1. Let r(z) = -z**2 - 23*z + 7. Let b(k) = 6*g(k) + r(k). Let h be (0 - (-18)/(-21))*7. Determine b(h).
-5
Let y = 29 - 45. Let z be (24/y)/(1/(-2)). Let f(a) = -3 + 5 + z - a + 3. Give f(7).
1
Let p(i) = -4*i**2 + i - 2. Let z(f) = -21*f**2 + f - 4. Let h(b) = 5*p(b) - z(b). Calculate h(-7).
15
Let b(u) = u**2 - 50. Let d be b(0). Let n be ((-40)/d)/(2/15). Let t(o) = o**2 - 5*o - 4. What is t(n)?
2
Let z(q) = -q + 1. Let b(k) = -k - 6. Let r be b(-11). Suppose u - 2*u = r. Let f be z(u). Let p(y) = y**3 - 5*y**2 - 5*y - 2. Give p(f).
4
Let r(q) = -1 - 5*q - 1 + 1 + 0. Give r(1).
-6
Let d = 169 + -168. Let o(v) be the first derivative of 0*v**2 - d + 1/3*v**3 - 6*v. What is o(0)?
-6
Let z(x) = -15*x**2 - 7*x**2 - 31*x**2 + 54*x**2 - 6 - 2*x. Calculate z(-6).
42
Let i = 157 + -60. Let n = -95 + i. Let c(t) = 6*t - 3. Calculate c(n).
9
Let h(n) = -3*n - 1. Let w be ((-9)/(-6))/(9/12). Suppose -3*o = -3, -g - o + 2 = -w. Calculate h(g).
-10
Let m(t